 highest common divisor of f and m.
5
Let c = 375 + -377. Let d = c - -56. Let n be 0 - (7*-23 - 1). What is the highest common divisor of n and d?
54
Suppose 105*h - 1064 = 29*h. Calculate the greatest common divisor of 1834 and h.
14
Let u = 31070 + -10915. What is the highest common divisor of 145 and u?
145
Suppose -9*z + 180 = -846. Calculate the highest common factor of 646 and z.
38
Let u(b) = 103*b**2 - 19*b - 116. Let l be u(-4). What is the highest common factor of l and 6231?
201
Let s = -239 - -234. Let y be ((-2)/6)/(s/225). What is the greatest common factor of 75 and y?
15
Let r = 64 - -28. Suppose 3*y = n + r, 6*n = -y + n + 20. Let z be ((-6)/8)/(2/(-32)). What is the greatest common divisor of y and z?
6
Suppose -40 = -5*t + 45. Suppose -28*x + 23*x + o + 1604 = 0, -279 = -x + 4*o. Calculate the greatest common divisor of x and t.
17
Let b(t) = -5*t**2 + 16*t - 35. Let j be b(3). Let m be (j/10)/(120/(-300)). Calculate the highest common factor of 3 and m.
1
Suppose 196*x + 209*x = 396495. Calculate the highest common factor of x and 781.
11
Let v be 33 + (-6)/(-6) + 3. Let n = 25 - -24. Let l = n - v. What is the highest common factor of l and 132?
12
Suppose -2*g + 5*w - 29 = -3*g, 3*w = -2*g + 93. Let h be (162/(-10))/((-18)/60). Let t = 72 - h. What is the highest common factor of t and g?
18
Let c be 0 - 0/2 - 0. Suppose c = -4*g - g + 525. Suppose 7770 = -2110*h + 2295*h. What is the highest common divisor of g and h?
21
Let x be -4*(0 + 1)*-1. Suppose -3119 = -5*k - 5*k - 2479. Calculate the greatest common factor of k and x.
4
Let j be (-14 - 264/(-18))/(4/33354). Suppose -9*y + j = 789. What is the highest common factor of 20 and y?
10
Let a be ((-39)/(-6))/((15/(-50))/(621/(-15))). What is the highest common factor of a and 1104?
69
Suppose 6*s - 26 = 40. Suppose 0 = 7*m - s*m + 20. Suppose 0 = -2*y + m + 1. Calculate the greatest common divisor of 1 and y.
1
Let o be 4 + (-380)/(-25) + 8/10. What is the highest common divisor of 228 and o?
4
Let f = 12368 + -12272. What is the greatest common divisor of 5088 and f?
96
Let f = 16216 + -15846. What is the greatest common divisor of f and 888?
74
Suppose -4*n + 408 = 16. Let d = -1116 + 1361. What is the greatest common factor of d and n?
49
Suppose 3*s + s = 316. Let m(w) = w**2 + 12*w + 13. Let u be m(-14). Suppose u = 3*h - s. Calculate the greatest common divisor of h and 100.
20
Suppose -35 = 5*u, -24*o - 4 = -22*o + 2*u. Suppose 4*g - 18 = 162. What is the greatest common factor of g and o?
5
Suppose -16*i = -4*i - 72. Let a be ((-2)/i)/(7/(-840)) - 2. What is the greatest common divisor of a and 4?
2
Suppose 114*g - 25 - 4535 = 0. Let h be (-30)/((-1)/2 - 1). Calculate the greatest common factor of g and h.
20
Suppose -4*i + 8 = 0, 4*i + 14 = v - 0*i. Suppose -o - l + 15 = 0, 42 = -18*o + v*o - 5*l. Calculate the highest common factor of o and 26.
13
Let v = 2923 + -2349. What is the highest common factor of 14 and v?
14
Suppose 1192 = 4*z + 21*j - 22*j, 5*z = -3*j + 1507. What is the highest common factor of 39 and z?
13
Let c(g) = -5*g**3 - g**2 - 3*g - 8. Let x(q) = q**3 - q. Let i(f) = c(f) + 3*x(f). Let r be i(-2). Calculate the greatest common divisor of r and 2.
2
Let f(v) = -2*v**2 - 48*v - 41. Let q be (12/8)/(-1 - 172/(-184)). Let i be f(q). Suppose -95 = -4*k + 245. Calculate the highest common divisor of i and k.
5
Suppose 2*r - 116 = 5*m, -3*m - 158 = -5*r + 132. Let w = -83 - -140. Let y = r - w. What is the highest common divisor of y and 1?
1
Suppose -185*x + 20913 = -4062. Calculate the greatest common divisor of x and 7875.
45
Let a(c) = -c**3 + 8*c**2 - 6*c + 3. Suppose 11*k = -14 + 47. Let j be a(k). Calculate the highest common divisor of j and 195.
15
Let c = 167 - 300. Let f be 10*(-1)/(4/16). Let g = f - c. What is the highest common factor of g and 62?
31
Let n be (27/6 - 3/6) + 1. Let t(a) = 17*a**2 + 14*a - 63. Let h be t(n). Calculate the highest common divisor of 16 and h.
16
Suppose 2520 - 2653 = -7*o + 9065. Calculate the highest common factor of o and 18.
18
Let j(q) = 2*q**2 - 6*q + 2. Let x be j(6). Let m = x + 142. Calculate the greatest common factor of m and 9.
9
Suppose -85*u - m = -83*u - 300, 0 = -3*m + 18. Calculate the greatest common factor of u and 48.
3
Suppose -3*y = 9, -4*y - 9 = -2*v + 19. Suppose -v*g + 648 = -1208. Let k = -92 + g. What is the greatest common divisor of 20 and k?
20
Let t(p) = 82*p**2 + 2*p - 1. Let s be t(-1). Let j = s + -65. Suppose -c - j*c = -105. Calculate the greatest common factor of 14 and c.
7
Let q(d) = 95*d - 7261. Let y be q(117). Calculate the highest common factor of y and 1316.
94
Let r be 17 + (-15 - -14) - -2. Calculate the greatest common factor of r and 3966.
6
Let t(r) = 16*r + 1075. Let i be t(-28). Let a = 43 + -10. Calculate the highest common divisor of a and i.
33
Let l(h) = 164*h - 4305. Let b be l(38). Calculate the highest common factor of 82 and b.
41
Let a(d) = 6*d**2 - d + 8. Let p be a(3). What is the greatest common factor of 59 and p?
59
Suppose 5*p - 4 + 4 = 0. Suppose -c + 5*s = p, c = -c - s + 44. Suppose 2*m - 104 = -c. Calculate the greatest common divisor of m and 14.
14
Let t be 47/(6580/(-168))*10*19/(-6). Let n be ((-2166)/9)/((-1)/3). Calculate the greatest common divisor of t and n.
38
Let g(s) = -45*s**2 + 96*s - 10. Let m be g(2). Calculate the highest common divisor of 653 and m.
1
Suppose -5*d + 3*i + 187235 = 0, -i = -5*d + 112046 + 75179. What is the highest common divisor of 44 and d?
44
Let k = 19681 - 19281. What is the highest common factor of 325 and k?
25
Suppose 0 = -4*g + 2*a + 232, -30*g - 3*a = -31*g + 58. What is the greatest common factor of 26 and g?
2
Suppose -c + 49*c - 368640 = -80*c. What is the greatest common factor of c and 32?
32
Let d(n) = 4*n + 57. Suppose 2*b = -2*a + 2, -4*b - 4*a + 8*a = 28. Let w be d(b). What is the highest common divisor of w and 40?
5
Let i(m) = -33*m**3 + 11*m**2 + 12*m + 3. Let k be i(-1). What is the greatest common factor of k and 445?
5
Let x = -4860 - -4896. What is the highest common factor of x and 1548?
36
Let h(x) = 9*x**3 + x - 4. Let w be h(4). Suppose -17*k + 20*k = w. What is the highest common factor of 24 and k?
24
Suppose -46*v + 49*v - 18 = 0. Let b be (-45)/(-9) + (v - -618). What is the highest common divisor of 34 and b?
17
Suppose -89*f = -104*f + 3645. Calculate the highest common factor of 333 and f.
9
Let u be 1/(2/(-4) - -1). Let o = 2609 + -2439. Suppose -4*y - 16 = 4, 5*d - u*y - o = 0. What is the greatest common factor of d and 4?
4
Let g = -65 - -67. Suppose 2*i + g*i - 304 = 0. What is the greatest common divisor of 114 and i?
38
Let x(p) = 919*p**2 + 66*p - 9. Let r be x(3). Calculate the greatest common divisor of 36 and r.
36
Suppose 3*m - 23 = 22. Let f(z) = -2*z**3 - 152*z**2 + 151*z - 221. Let t be f(-77). What is the greatest common factor of t and m?
5
Suppose -50*x - 14*x - 20*x + 8064 = 0. Let t be ((-69)/9 - -1)*-9. Calculate the greatest common factor of x and t.
12
Let d = -62 + 206. Let q(j) = 11 + 67 + 60 + 16*j + j. Let f be q(-6). What is the greatest common factor of f and d?
36
Suppose -14*k + 2*k = -2592. Suppose 2*a - 8*w + 10*w = 84, -5*a = 3*w - k. What is the greatest common factor of 81 and a?
9
Let w be 45/5 + (-1 - (-1)/1). Suppose 350 = -3*t - 202. Let u = t - -283. Calculate the greatest common factor of w and u.
9
Let o(r) = 125*r - 6. Let w be o(4). Let l be (1737/30 + -3 + (-54)/(-15))*3624/2718. What is the highest common divisor of w and l?
26
Let x = -3180 - -3182. Suppose 0 = -5*t + t + 2*u, 0 = 5*t + u + 7. Let f = 13 - t. What is the greatest common factor of x and f?
2
Let v(l) be the third derivative of l**4/6 + 7*l**3/6 - l**2 + 66. Let q be v(0). What is the highest common divisor of q and 28?
7
Let y = 212 + -136. Let b = y - 41. Let d(f) = -f**3 + 7*f**2 + 2*f - 7. Let z be d(7). Calculate the highest common factor of z and b.
7
Suppose -160*r = -93*r - 39664. Calculate the highest common factor of r and 176.
16
Let f = 161 + -86. Let r = -145 + 160. Calculate the highest common divisor of f and r.
15
Let i(f) be the second derivative of 4*f**3/3 + 44*f**2 + 7*f + 2. Let m be i(16). What is the greatest common factor o